sor of 9 and d.
9
Let a be (-4)/(-8) - 593/2. Let u = -249 - a. Calculate the highest common divisor of u and 188.
47
Suppose -259*y = -78*y - 25340. Suppose 2*p + 176 = 3*x - 2*p, -4*p = -4*x + 232. What is the greatest common divisor of y and x?
28
Suppose 5*r - 20 + 5 = 0, 4*h - 8 = 4*r. Suppose -h*t + 277 = -163. What is the greatest common factor of 22 and t?
22
Let g = -31 + 76. Let q = -44 + 46. Suppose q*n = 2*k - 724, k + 0*k = 2*n + 364. Calculate the highest common divisor of g and k.
45
Suppose 3*w - 5*i = 23, 0*w + 4*w - 21 = -3*i. Calculate the greatest common divisor of 1041 and w.
3
Let j = -36 + 74. Suppose l = 3*l - j. Suppose -2*y - 2 = -m, -m + l = 3*y + 2. What is the greatest common factor of m and 72?
8
Suppose -2631*f - 285 = -2646*f. What is the highest common divisor of 1292 and f?
19
Let d = -107 - -1218. What is the greatest common factor of 404 and d?
101
Let h = -98576 - -98594. Suppose 6*y = 2*y + 216. Let w be (0 - 1)/((-3)/y). What is the greatest common divisor of h and w?
18
Let h(y) = y**3 + 11*y**2 - 29*y - 35. Let r be h(-13). Suppose -r*u = u - 100. Calculate the highest common divisor of 15 and u.
5
Let t(x) = -32*x - 72. Let n be t(-2). Let p be ((-48)/(n/4))/((-8)/(-36)). What is the highest common divisor of p and 12?
12
Let n = 2718 - 2714. What is the greatest common factor of n and 30?
2
Let l be 76/1596 + 458008/42. What is the greatest common divisor of 15 and l?
15
Let w = 64 + -54. Suppose -w*q - 4*q = -1372. What is the greatest common factor of 147 and q?
49
Suppose -227 = 6*q - 3647. Suppose -24*w + 9*w + q = 0. What is the greatest common divisor of w and 38?
38
Let t(m) = -m**3 - 8*m**2 + 20*m. Let b be t(-10). Suppose b = -12*h + 58 + 86. Calculate the greatest common factor of h and 16.
4
Suppose -214 = -5*h + 7*a, 0 = -2*h - 5*a + 206 - 58. What is the greatest common divisor of 5526 and h?
18
Suppose 160654 = 68*p + 13*p - 7*p. What is the highest common divisor of p and 39?
13
Let p = 206 + 50. Suppose 2*m = 40 + p. Let h = -16 + m. Calculate the highest common factor of h and 12.
12
Suppose b - 673 = -5*w - 553, 0 = -3*w + 5*b + 100. Let c be 1*-3*(-100)/3. What is the highest common divisor of c and w?
25
Let u(c) = c**2 + c - 9. Let x be u(3). Suppose 4*o = 0, -x*o + 270 = 3*d - 8*o. Let r be 1224/d + (-4)/(-10). What is the highest common divisor of 35 and r?
7
Suppose 0 = -5*c - 5*x + 835, -610 - 31 = -4*c + 5*x. Suppose -5 = 5*o + 5*v, -151*o = -156*o - 3*v + 5. What is the highest common divisor of c and o?
4
Let z(t) = 13*t - 24. Let c(a) = -15*a + 25. Let m(x) = 2*c(x) + 3*z(x). Let y be m(6). Calculate the greatest common factor of y and 96.
32
Let s = -204 + 315. Let z = 15 - 8. Let w = s - z. What is the greatest common divisor of w and 13?
13
Let p = 772 - 744. Suppose -2800 = -17*x - 3*x. Calculate the greatest common divisor of p and x.
28
Let v(h) = -153*h + 477. Let z be v(3). Let m = 261 + 64. Suppose 0*j + 2*j - m = b, -j - b + 161 = 0. What is the highest common factor of z and j?
18
Let c(d) = -25*d**3 - 4*d**2 + 8. Let t be c(2). Let y = 100 - t. Calculate the greatest common factor of 14 and y.
14
Suppose 0 = 34*g + 120*g - 14784. What is the greatest common factor of g and 552?
24
Let a be ((81/6)/9)/(2/(-8)). Let r(f) = 4 - 90*f + 96*f + 34. Let m be r(a). Calculate the greatest common divisor of m and 4.
2
Suppose -18*a - 16566 = -5*w - 22*a, -5*w + 2*a = -16542. What is the highest common divisor of w and 35?
5
Suppose c + 4*q = -384 + 1252, 4323 = 5*c + 3*q. What is the highest common divisor of 27 and c?
27
Let f be (24/48*4*-14)/(2/(-5)). Let g = 150 - -410. What is the greatest common divisor of f and g?
70
Let s(x) = -x**3 + 16*x**2 - 4*x + 71. Let q be s(16). Suppose -2*c + q = -137. Let j be 18 + (-4)/2 + 0. Calculate the highest common factor of c and j.
8
Let r = -9443 + 9899. Let b = -2 - -14. What is the highest common factor of b and r?
12
Let k(l) = -l**2 + 50*l + 1764. Let y be k(-22). What is the greatest common divisor of y and 380?
20
Suppose 197*c - q - 130 = 195*c, 0 = -5*c - 5*q + 310. What is the highest common divisor of c and 112?
16
Let g(b) = -b**3 + 4*b**2 + 12*b + 3. Let a be g(-3). Let u(l) = -l**3 + 8*l**2 + 3*l - 6. Let q be u(8). Calculate the highest common divisor of q and a.
6
Let w be (-80)/(-50)*5/(-2) - -19. Suppose 0 = r - 3*r - 2*j + 98, 216 = 4*r - j. Let l = r - -37. Calculate the greatest common divisor of w and l.
15
Let x be (7 - (6/(-5))/(10/50))*167. What is the highest common factor of 501 and x?
167
Suppose u - b = 44989, 51220 - 231164 = -4*u + b. Calculate the greatest common factor of u and 15.
15
Let p be (6/(-4))/(30/500). Let d(n) = 4*n**2 + 65*n + 86. Let a be d(p). Calculate the highest common divisor of 31 and a.
31
Let w = 34345 + -34291. What is the highest common factor of w and 19386?
54
Let s be (9/(-6))/(4630/(-200) + 23). Calculate the highest common factor of s and 1390.
10
Let d(c) = 3 + c**3 + 3*c - 3*c**2 + 0*c**3 - 2. Let f be d(3). Suppose 0 = -f*r + 2*r + 496. What is the highest common factor of r and 31?
31
Suppose -30*p = 4*p + 340. Let w be (48/p)/(27/(-90)). What is the greatest common factor of w and 64?
16
Suppose 5 = 6*f - 1. Let c be 0 - f/3*(-1 - -1). Suppose -25 = -5*y - c. Calculate the greatest common factor of 35 and y.
5
Let a be (-21)/(-3) + (-144)/(-8). Suppose -a*y + 144 = -31. Let l = -30 + 51. Calculate the greatest common factor of y and l.
7
Let g be 10*(-4)/8 - -5. Suppose 766*j - 764*j - 20 = g. What is the highest common divisor of 20 and j?
10
Let g(o) = 19*o + 54. Let r be g(-6). Let m be ((-3)/30*-54)/((-18)/r). Calculate the greatest common factor of 6 and m.
6
Suppose 4*b = 2*k - 164, 3*k - b - 217 = 44. What is the highest common factor of 72 and k?
8
Let x = -10 + 44. Suppose -73 = -2*d + 3*j, x = d - 0*j - 2*j. Suppose 2*m - d = -5*i + 2*i, -3*i = -4*m - 74. What is the highest common divisor of i and 36?
18
Let z(n) be the third derivative of n**5/60 + n**4/12 - 31*n**3/6 - 139*n**2. Let i be z(9). Calculate the highest common divisor of i and 4.
4
Let o = -12451 + 12502. What is the greatest common factor of 6681 and o?
51
Let d = 8442 - 7445. Calculate the greatest common factor of 2 and d.
1
Let t(f) = 41*f + 2. Let w be t(1). Let a = w + -34. Suppose -30 = -r + a. What is the highest common factor of 195 and r?
39
Suppose 8*s = 13*s - 20. Let o = -7 + s. Let y be 1 + 6/2 + o. What is the greatest common divisor of 8 and y?
1
Suppose -45 = -40*s + 31*s. Suppose 10*q - 420 = -s*q. Calculate the highest common factor of q and 49.
7
Let d(g) = -g**3 - 11*g**2 - 10*g + 9. Let u be d(-5). Let y = u + 99. What is the highest common factor of y and 32?
8
Let t(j) = j**2 - 12*j - 61. Let q be t(19). Suppose 0 = 6*n - 0*n - q. Let h = -6 + n. What is the highest common divisor of 54 and h?
6
Suppose p + 0*p + 4*y + 162 = 0, -2*p - 4*y = 316. Let s be 446/18 + p/(-693). Calculate the highest common factor of s and 55.
5
Let v(k) = k**2 + 18*k + 6. Let i be v(54). What is the highest common factor of 66 and i?
66
Suppose 0 = 881*w - 548*w - 2331. Let q be -1*(1 - (-64)/(-1)). Calculate the highest common divisor of q and w.
7
Suppose 174401 + 73055 = -5*h + 42*h. Calculate the greatest common factor of h and 1045.
209
Suppose h = p + 3, 0 = -8*h - 2*p - p - 20. Let u be 28 + h/2 + (-44)/8. Suppose -296 = -3*a - 65. What is the greatest common factor of u and a?
11
Suppose -5 = g, -2*r - 7*g + 3*g = 20. Let w = 3 + r. Calculate the highest common divisor of w and 5.
1
Let d(x) = x**3 + 18*x**2 - 10*x - 42. Let u be d(-18). Let v(p) = 22*p**2 - 6*p - 5. Let b be v(-1). What is the greatest common divisor of u and b?
23
Let n(w) = 11*w**2 - w + 1. Let y be n(2). Let v = y - 41. Let x be (-9 + 32)/(v/6). What is the greatest common divisor of x and 46?
23
Let j be -3 + 2 + 136 + -1. Suppose -282*c + 31913 = -36921 + 12152. What is the highest common factor of j and c?
67
Suppose 55*g - 236 - 94 = 0. Let j be (g - (-56)/(-16))*42. Calculate the greatest common factor of 140 and j.
35
Suppose 2*a = 5*y + 4, -a - 3*y = -16 - 8. Suppose -992 = -5*j + 4*f, 0*j - 3*j + 4*f + 584 = 0. What is the highest common divisor of j and a?
12
Suppose 0 = -489*k + 362*k + 45847.